{"id":411,"date":"2024-09-25T02:09:00","date_gmt":"2024-09-25T02:09:00","guid":{"rendered":"https:\/\/jgswm.es\/?page_id=411"},"modified":"2025-07-25T02:17:21","modified_gmt":"2025-07-25T02:17:21","slug":"aviso-legal","status":"publish","type":"page","link":"https:\/\/jgswm.es\/?page_id=411","title":{"rendered":"Aviso Legal"},"content":{"rendered":"<style>.elementor-411 .elementor-element.elementor-element-52a05dc{--display:flex;--flex-direction:column;--container-widget-width:100%;--container-widget-height:initial;--container-widget-flex-grow:0;--container-widget-align-self:initial;--flex-wrap-mobile:wrap;--padding-top:50px;--padding-bottom:100px;--padding-left:50px;--padding-right:50px;}.elementor-411 .elementor-element.elementor-element-dd6c588{text-align:center;}.elementor-411 .elementor-element.elementor-element-dd6c588 .elementor-heading-title{font-size:38px;color:#030303;}.elementor-411 .elementor-element.elementor-element-140df0c{text-align:center;}.elementor-411 .elementor-element.elementor-element-140df0c .elementor-heading-title{font-family:\"Catamaran\", Sans-serif;font-size:55px;font-weight:800;text-transform:none;line-height:1.2em;color:var( --e-global-color-secondary );}@media(max-width:1024px){.elementor-411 .elementor-element.elementor-element-52a05dc{--padding-top:20px;--padding-bottom:100px;--padding-left:20px;--padding-right:20px;}}@media(max-width:767px){.elementor-411 .elementor-element.elementor-element-140df0c .elementor-heading-title{font-size:30px;}}@media(min-width:2400px){.elementor-411 .elementor-element.elementor-element-dd6c588{text-align:center;}.elementor-411 .elementor-element.elementor-element-dd6c588 .elementor-heading-title{font-size:38px;}}<\/style>\t\t<div data-elementor-type=\"wp-page\" data-elementor-id=\"411\" class=\"elementor elementor-411\">\n\t\t\t\t<div class=\"elementor-element elementor-element-52a05dc e-flex e-con-boxed e-con e-parent\" data-id=\"52a05dc\" data-element_type=\"container\">\n\t\t\t\t\t<div class=\"e-con-inner\">\n\t\t\t\t<div class=\"elementor-element elementor-element-140df0c elementor-widget elementor-widget-heading\" data-id=\"140df0c\" data-element_type=\"widget\" data-widget_type=\"heading.default\">\n\t\t\t\t<div class=\"elementor-widget-container\">\n\t\t\t\t\t<h2 class=\"elementor-heading-title elementor-size-default\">Aviso Legal\n    <\/h2>\t\t\t\t<\/div>\n\t\t\t\t<\/div>\n\t\t\t\t<div class=\"elementor-element elementor-element-098619e elementor-widget elementor-widget-text-editor\" data-id=\"098619e\" data-element_type=\"widget\" data-widget_type=\"text-editor.default\">\n\t\t\t\t<div class=\"elementor-widget-container\">\n\t\t\t\t\t\t\t\t\t<p>Raz\u00f3n social: <b data-var=\"NOMBRE\">Jacobo GONZALEZ SANTIAGO MOLINA<\/b><\/p>\n<p>CIF: <b data-var=\"IDENTIDAD\">45337397G<\/b><\/p>\n<p>Direcci\u00f3n: <b data-var=\"UBICACI\u00d3N\">CALLE GAZTAMBIDE 33 3\u00baE, 28015, MADRID<\/b><\/p>\n<p>N\u00famero: <b data-var=\"MOVIL\">+34666449139<\/b><\/p>\n<p>Correo: <b data-var=\"EMAIL\">info@jgswm.es<\/b><\/p>\n<p><b data-var=\"NOMBRE\">Jacobo GONZALEZ SANTIAGO MOLINA<\/b> se compromete a mantener este sitio web actualizado y preciso. Si, a pesar de todo, encontrara algo incorrecto o desactualizado, le agradecer\u00edamos que nos lo hiciera saber. Por favor, indique en qu\u00e9 parte del sitio web ha le\u00eddo la informaci\u00f3n. Entonces lo examinaremos lo antes posible. Por favor, env\u00ede su duda por correo electr\u00f3nico a: <b data-var=\"EMAIL\">info@jgswm.es<\/b>.<\/p>\n<p>No nos hacemos responsables de la p\u00e9rdida como resultado de inexactitudes o incompletitud, ni de la p\u00e9rdida resultante de problemas causados por o inherentes a la difusi\u00f3n de informaci\u00f3n a trav\u00e9s de Internet, tales como disrupciones o interrupciones. Al utilizar formularios web, nos esforzamos por limitar al m\u00ednimo el n\u00famero de campos obligatorios. Por cualquier p\u00e9rdida sufrida como resultado del uso de datos, asesor\u00eda o ideas proporcionados por o en nombre de <b data-var=\"NOMBRE\">Jacobo GONZALEZ SANTIAGO MOLINA<\/b> a trav\u00e9s de este sitio web, <b data-var=\"NOMBRE\">Jacobo GONZALEZ SANTIAGO MOLINA<\/b> no acepta ninguna responsabilidad.<\/p>\n<p>Las respuestas y preguntas sobre privacidad enviadas por correo electr\u00f3nico o a trav\u00e9s de un formulario web ser\u00e1n tratadas de la misma manera que las cartas. Esto significa que puede esperar una respuesta de nosotros en un plazo de 1 mes como m\u00e1ximo. En el caso de solicitudes complejas, le informaremos en el plazo de 1 mes si necesitamos un m\u00e1ximo de 3 meses.<\/p>\n<p>Cualquier dato personal que nos proporcione en el contexto de su respuesta o solicitud de informaci\u00f3n s\u00f3lo se utilizar\u00e1 de acuerdo con nuestra declaraci\u00f3n de privacidad.<\/p>\n<p><b data-var=\"NOMBRE\">Jacobo GONZALEZ SANTIAGO MOLINA<\/b> debe hacer cada esfuerzo razonable para proteger sus sistemas contra cualquier forma de uso ilegal. <b data-var=\"NOMBRE\">Jacobo GONZALEZ SANTIAGO MOLINA<\/b>aplicar\u00e1n las medidas t\u00e9cnicas y organizativas adecuadas a tal fin, teniendo en cuenta, entre otras cosas, el estado actual de la t\u00e9cnica. No obstante, no se hace responsable de los perjuicios, directos y\/o indirectos, sufridos por el usuario de la p\u00e1gina web, que se deriven de la utilizaci\u00f3n il\u00edcita de sus sistemas por un tercero.<\/p>\n<p><b data-var=\"NOMBRE\">Jacobo GONZALEZ SANTIAGO MOLINA<\/b> no se hace responsable del contenido de las p\u00e1ginas web a las que se hace referencia mediante hiperv\u00ednculos u otras referencias. Los productos o servicios ofrecidos por terceros estar\u00e1n sujetos a los t\u00e9rminos y condiciones aplicables de dichos terceros.<\/p>\n<p>Nuestros empleados har\u00e1n todo lo posible para garantizar la accesibilidad de nuestra p\u00e1gina web y para mejorarla continuamente. Incluyendo para personas que usan software especial debido a una discapacidad.<\/p>\n<p>Este sitio web est\u00e1 construido de acuerdo con las pautas de nivel AA WCAG 2.1. Estas pautas son acuerdos internacionalmente reconocidos sobre accesibilidad, sostenibilidad, intercambiabilidad y facilidad de b\u00fasqueda de sitios web.<\/p>\n<p>Todos los derechos de propiedad intelectual sobre el contenido de este sitio web pertenecen a terceros que han colocado el contenido ellos mismos o de quienes <b data-var=\"NOMBRE\">Jacobo GONZALEZ SANTIAGO MOLINA<\/b> ha obtenido una licencia de usuario.<\/p>\n<p>La copia, difusi\u00f3n y cualquier otro uso de estos materiales no est\u00e1 permitido sin el permiso escrito de <b data-var=\"NOMBRE\">Jacobo GONZALEZ SANTIAGO MOLINA<\/b>, excepto y s\u00f3lo en la medida en que se estipule lo contrario en los reglamentos de la ley obligatoria (como el derecho a cotizar), a menos que el contenido espec\u00edfico dicte lo contrario.<\/p>\n<p>Si tiene alguna pregunta o problema con la accesibilidad del sitio web, no dude en ponerse en contacto con nosotros.<\/p>\t\t\t\t\t\t\t\t<\/div>\n\t\t\t\t<\/div>\n\t\t\t\t\t<\/div>\n\t\t\t\t<\/div>\n\t\t\t\t<\/div>\n\t\t","protected":false},"excerpt":{"rendered":"<p>Aviso Legal Raz\u00f3n social: Jacobo GONZALEZ SANTIAGO MOLINA CIF: 45337397G Direcci\u00f3n: CALLE GAZTAMBIDE 33 3\u00baE, 28015, MADRID N\u00famero: +34666449139 Correo: info@jgswm.es Jacobo GONZALEZ SANTIAGO MOLINA se compromete a mantener este sitio web actualizado y preciso. Si, a pesar de todo, encontrara algo incorrecto o desactualizado, le agradecer\u00edamos que nos lo hiciera saber. Por favor, indique [&hellip;]<\/p>\n","protected":false},"author":2,"featured_media":0,"parent":0,"menu_order":0,"comment_status":"closed","ping_status":"open","template":"elementor_header_footer","meta":{"footnotes":""},"class_list":["post-411","page","type-page","status-publish","hentry"],"yoast_head":"<!-- This site is optimized with the Yoast SEO plugin v25.9 - https:\/\/yoast.com\/wordpress\/plugins\/seo\/ -->\n<title>Aviso Legal - carlosrgzfinanciero.com<\/title>\n<meta name=\"robots\" content=\"noindex, follow\" \/>\n<meta property=\"og:locale\" content=\"es_ES\" \/>\n<meta property=\"og:type\" content=\"article\" \/>\n<meta property=\"og:title\" content=\"Aviso Legal - carlosrgzfinanciero.com\" \/>\n<meta property=\"og:description\" content=\"Aviso Legal Raz\u00f3n social: Jacobo GONZALEZ SANTIAGO MOLINA CIF: 45337397G Direcci\u00f3n: CALLE GAZTAMBIDE 33 3\u00baE, 28015, MADRID N\u00famero: +34666449139 Correo: info@jgswm.es Jacobo GONZALEZ SANTIAGO MOLINA se compromete a mantener este sitio web actualizado y preciso. Si, a pesar de todo, encontrara algo incorrecto o desactualizado, le agradecer\u00edamos que nos lo hiciera saber. Por favor, indique [&hellip;]\" \/>\n<meta property=\"og:url\" content=\"https:\/\/jgswm.es\/?page_id=411\" \/>\n<meta property=\"og:site_name\" content=\"carlosrgzfinanciero.com\" \/>\n<meta property=\"article:modified_time\" content=\"2025-07-25T02:17:21+00:00\" \/>\n<meta name=\"twitter:card\" content=\"summary_large_image\" \/>\n<meta name=\"twitter:label1\" content=\"Tiempo de lectura\" \/>\n\t<meta name=\"twitter:data1\" content=\"3 minutos\" \/>\n<script type=\"application\/ld+json\" class=\"yoast-schema-graph\">{\"@context\":\"https:\/\/schema.org\",\"@graph\":[{\"@type\":\"WebPage\",\"@id\":\"https:\/\/jgswm.es\/?page_id=411\",\"url\":\"https:\/\/jgswm.es\/?page_id=411\",\"name\":\"Aviso Legal - carlosrgzfinanciero.com\",\"isPartOf\":{\"@id\":\"https:\/\/jgswm.es\/#website\"},\"datePublished\":\"2024-09-25T02:09:00+00:00\",\"dateModified\":\"2025-07-25T02:17:21+00:00\",\"breadcrumb\":{\"@id\":\"https:\/\/jgswm.es\/?page_id=411#breadcrumb\"},\"inLanguage\":\"es\",\"potentialAction\":[{\"@type\":\"ReadAction\",\"target\":[\"https:\/\/jgswm.es\/?page_id=411\"]}]},{\"@type\":\"BreadcrumbList\",\"@id\":\"https:\/\/jgswm.es\/?page_id=411#breadcrumb\",\"itemListElement\":[{\"@type\":\"ListItem\",\"position\":1,\"name\":\"Portada\",\"item\":\"https:\/\/jgswm.es\/\"},{\"@type\":\"ListItem\",\"position\":2,\"name\":\"Aviso Legal\"}]},{\"@type\":\"WebSite\",\"@id\":\"https:\/\/jgswm.es\/#website\",\"url\":\"https:\/\/jgswm.es\/\",\"name\":\"carlosrgzfinanciero.com\",\"description\":\"\",\"potentialAction\":[{\"@type\":\"SearchAction\",\"target\":{\"@type\":\"EntryPoint\",\"urlTemplate\":\"https:\/\/jgswm.es\/?s={search_term_string}\"},\"query-input\":{\"@type\":\"PropertyValueSpecification\",\"valueRequired\":true,\"valueName\":\"search_term_string\"}}],\"inLanguage\":\"es\"}]}<\/script>\n<!-- \/ Yoast SEO plugin. -->","yoast_head_json":{"title":"Aviso Legal - carlosrgzfinanciero.com","robots":{"index":"noindex","follow":"follow"},"og_locale":"es_ES","og_type":"article","og_title":"Aviso Legal - carlosrgzfinanciero.com","og_description":"Aviso Legal Raz\u00f3n social: Jacobo GONZALEZ SANTIAGO MOLINA CIF: 45337397G Direcci\u00f3n: CALLE GAZTAMBIDE 33 3\u00baE, 28015, MADRID N\u00famero: +34666449139 Correo: info@jgswm.es Jacobo GONZALEZ SANTIAGO MOLINA se compromete a mantener este sitio web actualizado y preciso. Si, a pesar de todo, encontrara algo incorrecto o desactualizado, le agradecer\u00edamos que nos lo hiciera saber. Por favor, indique [&hellip;]","og_url":"https:\/\/jgswm.es\/?page_id=411","og_site_name":"carlosrgzfinanciero.com","article_modified_time":"2025-07-25T02:17:21+00:00","twitter_card":"summary_large_image","twitter_misc":{"Tiempo de lectura":"3 minutos"},"schema":{"@context":"https:\/\/schema.org","@graph":[{"@type":"WebPage","@id":"https:\/\/jgswm.es\/?page_id=411","url":"https:\/\/jgswm.es\/?page_id=411","name":"Aviso Legal - carlosrgzfinanciero.com","isPartOf":{"@id":"https:\/\/jgswm.es\/#website"},"datePublished":"2024-09-25T02:09:00+00:00","dateModified":"2025-07-25T02:17:21+00:00","breadcrumb":{"@id":"https:\/\/jgswm.es\/?page_id=411#breadcrumb"},"inLanguage":"es","potentialAction":[{"@type":"ReadAction","target":["https:\/\/jgswm.es\/?page_id=411"]}]},{"@type":"BreadcrumbList","@id":"https:\/\/jgswm.es\/?page_id=411#breadcrumb","itemListElement":[{"@type":"ListItem","position":1,"name":"Portada","item":"https:\/\/jgswm.es\/"},{"@type":"ListItem","position":2,"name":"Aviso Legal"}]},{"@type":"WebSite","@id":"https:\/\/jgswm.es\/#website","url":"https:\/\/jgswm.es\/","name":"carlosrgzfinanciero.com","description":"","potentialAction":[{"@type":"SearchAction","target":{"@type":"EntryPoint","urlTemplate":"https:\/\/jgswm.es\/?s={search_term_string}"},"query-input":{"@type":"PropertyValueSpecification","valueRequired":true,"valueName":"search_term_string"}}],"inLanguage":"es"}]}},"_links":{"self":[{"href":"https:\/\/jgswm.es\/index.php?rest_route=\/wp\/v2\/pages\/411","targetHints":{"allow":["GET"]}}],"collection":[{"href":"https:\/\/jgswm.es\/index.php?rest_route=\/wp\/v2\/pages"}],"about":[{"href":"https:\/\/jgswm.es\/index.php?rest_route=\/wp\/v2\/types\/page"}],"author":[{"embeddable":true,"href":"https:\/\/jgswm.es\/index.php?rest_route=\/wp\/v2\/users\/2"}],"replies":[{"embeddable":true,"href":"https:\/\/jgswm.es\/index.php?rest_route=%2Fwp%2Fv2%2Fcomments&post=411"}],"version-history":[{"count":26,"href":"https:\/\/jgswm.es\/index.php?rest_route=\/wp\/v2\/pages\/411\/revisions"}],"predecessor-version":[{"id":1126,"href":"https:\/\/jgswm.es\/index.php?rest_route=\/wp\/v2\/pages\/411\/revisions\/1126"}],"wp:attachment":[{"href":"https:\/\/jgswm.es\/index.php?rest_route=%2Fwp%2Fv2%2Fmedia&parent=411"}],"curies":[{"name":"wp","href":"https:\/\/api.w.org\/{rel}","templated":true}]}}